et p(q) = 57801*q - 405129. Give p(7).
-522
Let i(o) = 4*o**3 + 9*o**2 + 29*o - 83. Determine i(0).
-83
Let x(r) = 510*r**2 + 103534*r + 831. Calculate x(-203).
19
Let j(n) = n**2 - 524767*n - 4722996. Calculate j(-9).
-12
Let v(p) = 14078*p + 2238408. Determine v(-159).
6
Let v(h) = 1552*h + 1564. What is v(-1)?
12
Let q(g) = 627473*g - 6902199. Determine q(11).
4
Let u(y) = 516*y**2 - 172342*y - 616. Calculate u(334).
52
Let u(c) = 7*c**2 - 729*c - 1742. What is u(109)?
1964
Let g(c) = 934*c - 278335. Give g(298).
-3
Let d(t) = t**2 - 93*t + 1897. Give d(28).
77
Let r(v) = -45*v + 2291. Calculate r(53).
-94
Let c(n) = 8685*n + 347396. Determine c(-40).
-4
Let z(s) = -2*s**3 - 281*s**2 - 142*s - 27. Determine z(-140).
253
Let j(a) = 7621*a + 137159. Give j(-18).
-19
Let r(c) = -41473*c + 622094. Calculate r(15).
-1
Let i(q) = -547*q - 2746. Calculate i(-6).
536
Let i(z) = -12*z**2 + 641*z + 1978. What is i(-3)?
-53
Let m(f) = f**3 - 623*f**2 + 3128*f + 22. Give m(5).
212
Let t(y) = -45*y**2 - 872*y - 1813. Give t(-17).
6
Let i(v) = 2519*v - 246885. What is i(98)?
-23
Let w(v) = -153*v**2 - 1309*v - 1653. What is w(-7)?
13
Let g(o) = 12873*o + 1158570. Give g(-90).
0
Let h(r) = r**3 + 4*r**2 - 216*r + 948. Determine h(8).
-12
Let g(f) = f**2 + 63919*f - 1534655. What is g(24)?
-23
Let g(p) = 27409*p - 7290786. Give g(266).
8
Let a(i) = -3*i**3 - 593*i**2 + 1417*i + 3403. Determine a(-200).
3
Let x(n) = -15862*n - 238024. Calculate x(-15).
-94
Let k(y) = 2*y**3 - 9*y**2 - 63*y + 632. Calculate k(-7).
-54
Let i(n) = -1195*n - 8415. Determine i(-7).
-50
Let x(o) = -3943*o - 106456. What is x(-27)?
5
Let p(x) = x**3 - 397*x**2 - 2818*x - 4574. Give p(404).
-534
Let u(t) = 16895*t + 185805. Determine u(-11).
-40
Let m(j) = 7*j**2 + 1641*j - 4261. Give m(-237).
5
Let i(f) = 222816*f - 3787845. What is i(17)?
27
Let t(d) = -1529*d - 266219. What is t(-174)?
-173
Let t(z) = z**3 + 4*z**2 + 2504*z + 20288. What is t(-8)?
0
Let p(u) = 29*u**2 + 8786*u + 34713. Give p(-4).
33
Let p(n) = -2682*n - 260066. Determine p(-97).
88
Let r(z) = z**3 - 15*z**2 + 1903*z - 14763. Give r(8).
13
Let f(h) = -97592*h - 97631. Calculate f(-1).
-39
Let f(a) = 318991*a - 2551903. Determine f(8).
25
Let s(p) = 7313*p + 100995. What is s(-14)?
-1387
Let s(z) = -z**3 + 48*z**2 - 421*z - 496. What is s(36)?
-100
Let w(c) = -1032*c - 56529. What is w(-55)?
231
Let x(p) = 1980*p + 78390. What is x(-41)?
-2790
Let k(i) = 292*i + 2838. Calculate k(-12).
-666
Let f(j) = 351*j + 3286. What is f(-11)?
-575
Let q(i) = 12170*i + 18689. What is q(-2)?
-5651
Let t(w) = -w**2 + 42*w - 346. What is t(8)?
-74
Let r(d) = 3*d**2 - 393*d + 2265. Determine r(6).
15
Let k(c) = 5*c**3 - 58*c**2 - 39*c + 802. Determine k(11).
10
Let l(j) = 237212*j + 18028079. Calculate l(-76).
-33
Let l(n) = 20637*n + 206377. Calculate l(-10).
7
Let x(y) = y**3 - 40*y**2 - 6826*y - 94. Determine x(-65).
-29
Let h(d) = 1137*d + 87659. Determine h(-77).
110
Let g(b) = 5*b**3 - 389*b**2 + 6762*b - 723. Give g(26).
5
Let a(u) = u**2 - 2317*u - 142929. What is a(-60)?
-309
Let c(s) = -32951*s + 3097286. Calculate c(94).
-108
Let i(x) = -4*x**3 + 16*x**2 + x - 97. What is i(0)?
-97
Let n(d) = 6*d**2 - 75*d - 4423. What is n(34)?
-37
Let m(o) = 841*o + 40434. What is m(-48)?
66
Let z(g) = 2*g**3 + 87*g**2 - 26*g - 77. Determine z(-44).
-869
Let y(o) = 1928*o + 2639. Calculate y(-2).
-1217
Let x(i) = 3362*i - 110932. Give x(33).
14
Let h(g) = 3929*g - 27438. Give h(7).
65
Let j(m) = -55*m**2 + 4834*m + 36526. What is j(-7)?
-7
Let y(m) = -2*m**2 + 577*m + 25037. Calculate y(327).
-142
Let q(i) = -i**3 - 514*i**2 + 2691*i + 856107. What is q(-516)?
63
Let k(s) = -s**2 - 137*s - 2714. Determine k(-24).
-2
Let u(q) = 14*q**3 + 15*q**2 - 73*q - 77. Give u(-1).
-3
Let w(o) = -108*o**2 + 2490*o + 2491. What is w(-1)?
-107
Let o(c) = -3*c**3 + 101*c**2 + 64*c - 69. Calculate o(34).
951
Let g(t) = -t**2 - 63363*t - 696873. Determine g(-11).
-1
Let b(w) = 34*w**2 - 2001*w - 11193. Determine b(64).
7
Let y(f) = 1663*f**2 + 44898*f - 27. What is y(-27)?
54
Let o(t) = 147*t - 9204. What is o(64)?
204
Let o(j) = j**3 - 784*j**2 + 5425*j + 10950. Determine o(777).
72
Let q(d) = -13*d**3 + 22*d**2 - 12*d + 33. What is q(3)?
-156
Let p(x) = x**3 + 13*x**2 - 96*x - 692. What is p(-9)?
496
Let z(r) = 9523*r + 190461. What is z(-20)?
1
Let b(r) = 2*r**3 - 4*r**2 - 302*r + 248. Determine b(13).
40
Let y(w) = w**3 + 4*w**2 - 18738*w - 18741. Determine y(-1).
0
Let a(b) = 2*b**2 + 18*b - 1291. What is a(37)?
2113
Let j(y) = 3*y**2 - 1233*y + 125777. Determine j(188).
5
Let v(d) = -7*d**2 + 531*d + 2446. What is v(-5)?
-384
Let d(a) = -4*a**3 - 760*a**2 - 1531*a - 23. Calculate d(-2).
31
Let v(w) = 124*w - 932. Calculate v(4).
-436
Let b(r) = 51*r**2 + 1105*r + 728. Determine b(-21).
14
Let h(p) = -294406*p - 883220. Determine h(-3).
-2
Let a(b) = 90*b + 570. Calculate a(-17).
-960
Let u(i) = -52327*i - 157001. Calculate u(-3).
-20
Let h(z) = -z**2 + 13934*z - 1493216. What is h(108)?
-8
Let k(j) = 2*j**2 + 402*j - 12787. Give k(30).
1073
Let q(y) = -13*y**2 - 541*y + 668. Calculate q(-43).
-106
Let u(r) = -728*r - 3629. Determine u(-5).
11
Let i(t) = -64236*t + 5138897. Give i(80).
17
Let n(u) = 2837*u - 45399. What is n(16)?
-7
Let j(o) = 450*o - 125246. Give j(290).
5254
Let c(w) = 11*w**2 + 510*w + 4263. What is c(-11)?
-16
Let a(r) = 14*r**2 - 1418*r - 15343. What is a(-10)?
237
Let d(g) = -g**3 + 383*g**2 + 3479*g - 430. Give d(-9).
11
Let p(t) = t**3 + 78*t**2 + 910*t + 1410. Determine p(-12).
-6
Let h(p) = 2*p**2 + 14022*p - 25. Give h(0).
-25
Let q(f) = -4*f**2 + 358*f + 109. Calculate q(93).
-1193
Let u(z) = -z**3 - 121*z**2 - 464*z - 32. What is u(-4)?
-48
Let u(t) = -4*t**2 + 3748*t - 3736. What is u(1)?
8
Let w(d) = 214*d + 5790. Determine w(-25).
440
Let z(u) = 9327*u - 45974. What is z(5)?
661
Let h(r) = -160024*r - 44006602. Give h(-275).
-2
Let h(s) = -14*s**2 + 912*s + 5981. Calculate h(-6).
5
Let b(m) = 4*m**2 - 12340*m + 61597. Calculate b(5).
-3
Let k(d) = -2489*d - 161553. Determine k(-65).
232
Let c(h) = 2*h**3 - 194*h**2 + 166*h + 1490. Give c(96).
-1006
Let q(x) = -2*x**3 - 85*x**2 - 154*x - 1259. Give q(-41).
12
Let m(p) = -p**3 + 4*p**2 + 1282*p - 8853. What is m(7)?
-26
Let k(n) = 29*n - 1757. Determine k(50).
-307
Let o(z) = -z**3 - 24*z**2 - 142*z + 9. Determine o(-18).
621
Let n(y) = -6*y**3 - 76*y**2 - 34*y - 17. Give n(-14).
2027
Let i(v) = -v**3 + 12*v**2 - 34*v + 225. What is i(11)?
-28
Let i(g) = g**3 - 334*g**2 - 1390*g + 12838. What is i(338)?
-6
Let h(m) = -52*m**3 - 742*m**2 - 193*m + 36. Calculate h(-14).
-6
Let k(g) = 20*g + 5298. Calculate k(-265).
-2
Let v(f) = 15*f**2 - 150*f + 390. What is v(11)?
555
Let w(p) = 2*p**2 + 511*p - 18220. Give w(32).
180
Let f(a) = 2*a**2 - 529*a + 3724. Calculate f(258).
370
Let u(v) = -2*v**2 + 203*v + 4143. Determine u(-22).
-1291
Let t(n) = 2*n**3 - 154*n**2 + 2678*n + 1098. What is t(50)?
-2
Let m(v) = -10*v**2 - 303*v + 2302. Give m(8).
-762
Let j(s) = -s**3 - 23*s**2 + 788*s - 421. Calculate j(-42).
-1
Let i(g) = 14*g**2 - 32*g - 2. Give i(-5).
508
Let q(r) = -11933*r - 1026244. Determine q(-86).
-6
Let n(t) = t**2 - 790*t - 64759. What is n(-74)?
-823
Let k(i) = 9*i**2 - 4393*i + 22472. Give k(483).
254
Let u(g) = 2*g**2 + 36792*g + 110341. Determine u(-3).
-17
Let c(b) = -43268*b + 16744708. What is c(387)?
-8
Let z(v) = 1581*v + 61679. What is z(-39)?
20
Let r(u) = -17562*u + 17566. What is r(1)?
4
Let i(d) = d**2 + 168*d - 335175. What is i(501)?
-6
Let r(s) = 651*s**2 + 25836*s + 17413. Determine r(-39).
-20
Let f(d) = 69*d**2 - 11120*d + 33366. What is f(3)?
627
Let y(b) = b**3 - 64*b**2 + 968*b - 1689. Determine y(20).
71
Let a(b) = 2*b**3 + 65*b**2 - 3294*b - 6839. Give a(-2).
-7
Let b(k) = k**3 + 34*k**2 + 119*k - 54. Give b(-30).
-24
Let x(d) = -30568*d - 2200868. Determine x(-72).
28
Let u(i) = 13*i**3 - 403*i**2 + 4*i - 138. What is u(31)?
-14
Let t(n) = 455719*n - 8202970. What is t(18)?
-28
Let t(o) = -1013*o - 61269. Give t(-63).
2550
Let d(u) = 26*u + 6. Calculate d(10).
266
Let t(y) = -1545*y + 454. Give t(0).
454
Let c(t) = 85*t**2 - 23674*t - 23672. What is c(-1)?
87
Let a(d) = -4704*d + 9626. What is a(2)?
218
Let i(m) = m**3 - 446*m**2 